{"id":2116,"date":"2025-12-12T14:27:41","date_gmt":"2025-12-12T11:27:41","guid":{"rendered":"https:\/\/www.retinagrafik.com.tr\/ravagoeps\/?page_id=2116"},"modified":"2025-12-31T13:41:52","modified_gmt":"2025-12-31T10:41:52","slug":"hakkimizda","status":"publish","type":"page","link":"https:\/\/www.retinagrafik.com.tr\/ravagoeps\/hakkimizda\/","title":{"rendered":"HAKKIMIZDA"},"content":{"rendered":"\n<div class=\"wp-block-stackable-image-box alignfull stk-block-image-box stk-hover-parent stk-block stk-b2f844f is-style-plain\" data-block-id=\"b2f844f\"><style>.stk-b2f844f {top:-66px !important;bottom:0px !important;}<\/style><div class=\"stk-block-content stk-inner-blocks has-text-align-left stk-row stk-block-image-box__content\">\n<div class=\"wp-block-stackable-image stk-block-image has-text-align-center stk-block stk-e8cb9f1\" data-block-id=\"e8cb9f1\"><style>.stk-e8cb9f1 {top:0px !important;overflow:auto !important;}.stk-e8cb9f1 .stk-img-wrapper{width:100% !important;height:420px !important;filter:drop-shadow(none) !important;--stk-gradient-overlay:0.4 !important;}.stk-e8cb9f1 .stk-img-wrapper::after{background-color:var(--theme-palette-color-4, #102136) !important;}:where(.stk-hover-parent:hover,  .stk-hover-parent.stk--is-hovered) .stk-e8cb9f1 .stk-img-wrapper::after{background-color:#000000B3 !important;}.stk-e8cb9f1 .stk-img-wrapper::after, .stk-e8cb9f1 .stk-img-wrapper::before{mix-blend-mode:multiply !important;}<\/style><figure><span class=\"stk-img-wrapper stk-image--shape-stretch stk--shadow-none\"><img loading=\"lazy\" decoding=\"async\" class=\"stk-img wp-image-2024\" src=\"http:\/\/www.retinagrafik.com.tr\/ravagoeps\/wp-content\/uploads\/2025\/12\/fixedsustaniability.jpg\" width=\"1920\" height=\"1080\" srcset=\"https:\/\/www.retinagrafik.com.tr\/ravagoeps\/wp-content\/uploads\/2025\/12\/fixedsustaniability.jpg 1920w, https:\/\/www.retinagrafik.com.tr\/ravagoeps\/wp-content\/uploads\/2025\/12\/fixedsustaniability-300x169.jpg 300w, https:\/\/www.retinagrafik.com.tr\/ravagoeps\/wp-content\/uploads\/2025\/12\/fixedsustaniability-1024x576.jpg 1024w, https:\/\/www.retinagrafik.com.tr\/ravagoeps\/wp-content\/uploads\/2025\/12\/fixedsustaniability-768x432.jpg 768w, https:\/\/www.retinagrafik.com.tr\/ravagoeps\/wp-content\/uploads\/2025\/12\/fixedsustaniability-1536x864.jpg 1536w\" sizes=\"auto, (max-width: 1920px) 100vw, 1920px\" \/><\/span><\/figure><\/div>\n\n\n\n<div class=\"wp-block-stackable-column stk-block-column stk-column stk-block stk-b6a29b7\" data-v=\"4\" data-block-id=\"b6a29b7\"><style>.stk-b6a29b7-inner-blocks{justify-content:flex-end !important;}.stk-b6a29b7-container{padding-top:32px !important;padding-right:32px !important;padding-bottom:32px !important;padding-left:32px !important;display:flex !important;}<\/style><div class=\"stk-column-wrapper stk-block-column__content stk-container stk-b6a29b7-container stk--no-background stk--no-padding\"><div class=\"stk-block-content stk-inner-blocks stk-b6a29b7-inner-blocks\">\n<div class=\"wp-block-stackable-heading alignfull stk-block-heading stk-block-heading--v2 stk-block stk-acf1e2a\" id=\"hakkimizda\" data-block-id=\"acf1e2a\"><style>.stk-acf1e2a {margin-bottom:8px !important;top:-100px !important;}.stk-acf1e2a .stk-block-heading__text{font-size:var(--stk--preset--font-size--large, 30px) !important;color:#FFFFFF !important;}@media screen and (max-width:999px){.stk-acf1e2a .stk-block-heading__text{font-size:var(--stk--preset--font-size--large, 30px) !important;}}<\/style><h2 class=\"stk-block-heading__text has-text-color has-white-color has-text-align-center\">HAKKIMIZDA<\/h2><\/div>\n\n\n\n<div class=\"wp-block-stackable-heading alignfull stk-block-heading stk-block-heading--v2 stk-block stk-11c0c64\" data-block-id=\"11c0c64\"><style>.stk-11c0c64 .stk-block-heading__text{font-size:var(--stk--preset--font-size--large, 30px) !important;color:#FFFFFF !important;}@media screen and (max-width:999px){.stk-11c0c64 .stk-block-heading__text{font-size:var(--stk--preset--font-size--large, 30px) !important;}}<\/style><h3 class=\"stk-block-heading__text has-text-color has-white-color has-text-align-center\"><\/h3><\/div>\n\n\n\n<div class=\"wp-block-stackable-text stk-block-text stk-block stk-ce0df2f\" data-block-id=\"ce0df2f\"><style>.stk-ce0df2f {opacity:0 !important;}:where(.stk-hover-parent:hover,  .stk-hover-parent.stk--is-hovered) .stk-ce0df2f{opacity:1 !important;}.stk-ce0df2f .stk-block-text__text{color:#FFFFFF !important;}<\/style><p class=\"stk-block-text__text has-text-color has-white-color\"><\/p><\/div>\n<\/div><\/div><\/div>\n<\/div><\/div>\n\n\n\n<div class=\"wp-block-stackable-columns stk-block-columns stk-block stk-74bd0e4\" data-block-id=\"74bd0e4\"><div class=\"stk-row stk-inner-blocks stk-block-content stk-content-align stk-74bd0e4-column\">\n<div class=\"wp-block-stackable-column stk-block-column stk-column stk-block stk-8027a49\" data-v=\"4\" data-block-id=\"8027a49\"><style>@media screen and (min-width:690px){.stk-8027a49 {flex:var(--stk-flex-grow, 1) 1 calc(50% - var(--stk-column-gap, 0px) * 1 \/ 2 ) !important;}}<\/style><div class=\"stk-column-wrapper stk-block-column__content stk-container stk-8027a49-container stk--no-background stk--no-padding\"><div class=\"stk-block-content stk-inner-blocks stk-8027a49-inner-blocks\">\n<div class=\"wp-block-stackable-image stk-block-image stk-block stk-e923d34\" data-block-id=\"e923d34\"><style>.stk-e923d34 .stk-img-wrapper{width:512px !important;height:383px !important;}<\/style><figure><span class=\"stk-img-wrapper stk-image--shape-stretch\"><img loading=\"lazy\" decoding=\"async\" class=\"stk-img wp-image-2131\" src=\"http:\/\/www.retinagrafik.com.tr\/ravagoeps\/wp-content\/uploads\/2025\/12\/cef9036-1.webp\" width=\"585\" height=\"585\" srcset=\"https:\/\/www.retinagrafik.com.tr\/ravagoeps\/wp-content\/uploads\/2025\/12\/cef9036-1.webp 585w, https:\/\/www.retinagrafik.com.tr\/ravagoeps\/wp-content\/uploads\/2025\/12\/cef9036-1-300x300.webp 300w, https:\/\/www.retinagrafik.com.tr\/ravagoeps\/wp-content\/uploads\/2025\/12\/cef9036-1-150x150.webp 150w\" sizes=\"auto, (max-width: 585px) 100vw, 585px\" \/><\/span><\/figure><\/div>\n<\/div><\/div><\/div>\n\n\n\n<div class=\"wp-block-stackable-column stk-block-column stk-column stk-block stk-4fc609b\" data-v=\"4\" data-block-id=\"4fc609b\"><style>.stk-4fc609b {align-self:center !important;}@media screen and (min-width:690px){.stk-4fc609b {flex:var(--stk-flex-grow, 1) 1 calc(50% - var(--stk-column-gap, 0px) * 1 \/ 2 ) !important;}}<\/style><div class=\"stk-column-wrapper stk-block-column__content stk-container stk-4fc609b-container stk--no-background stk--no-padding\"><div class=\"stk-block-content stk-inner-blocks stk-4fc609b-inner-blocks\">\n<div class=\"wp-block-stackable-heading stk-block-heading stk-block-heading--v2 stk-block stk-8bf906c\" id=\"strong-avrupa-pazarinda-onde-gelen-eps-ureticilerinden-biri-strong\" data-block-id=\"8bf906c\"><style>.stk-8bf906c {margin-bottom:7px !important;}.stk-8bf906c .stk-block-heading__text{color:#003da5 !important;}<\/style><h4 class=\"stk-block-heading__text has-text-color\"><strong>Avrupa pazar\u0131nda \u00f6nde gelen EPS \u00fcreticilerinden biri<\/strong><\/h4><\/div>\n\n\n\n<div class=\"wp-block-stackable-divider stk-block-divider stk-block stk-caca8d9\" data-block-id=\"caca8d9\"><style>.stk-caca8d9 hr.stk-block-divider__hr{background:#fdcb00 !important;width:100% !important;}.stk-caca8d9 {margin-bottom:10px !important;}<\/style><hr class=\"stk-block-divider__hr\"\/><\/div>\n\n\n\n<div class=\"wp-block-stackable-subtitle stk-block-subtitle stk-block stk-392626f\" data-block-id=\"392626f\"><p class=\"stk-block-subtitle__text stk-subtitle\">2012 y\u0131l\u0131nda Ravago\u2019nun ger\u00e7ekle\u015ftirdi\u011fi global sat\u0131n alma sonucunda gruba kat\u0131lan biz\/Eastchem, EPS \u00fcretiminde d\u00fcnya \u00e7ap\u0131nda tan\u0131nan ve olduk\u00e7a hassas bir kimyasal s\u00fcre\u00e7 olan s\u00fcspansiyon polimerizasyon teknolojisini, d\u00fcnya standartlar\u0131nda kaliteyle \u0130zmir Alia\u011fa\u2019daki tesislerinde uygulamaktad\u0131r.<\/p><\/div>\n\n\n\n<p>Alia\u011fa tesisine ek olarak, Ravago\u2019nun Yunanistan\u2019da Monotez ve Almanya\u2019da RP Compounds olmak \u00fczere iki \u00fcretim tesisi daha bulunmaktad\u0131r. Bu tesislerde in\u015faat ve ambalaj sanayisine y\u00f6nelik EPS tanecikleri \u00fcretilmekte olup, Ravago\u2019yu Avrupa\u2019n\u0131n en b\u00fcy\u00fck ikinci EPS \u00fcreticisi konumuna ta\u015f\u0131maktad\u0131r.<\/p>\n\n\n\n<p>EPS, i\u015flenebilirlik a\u00e7\u0131s\u0131ndan sundu\u011fu esnek yap\u0131s\u0131 sayesinde bir\u00e7ok alan ve sekt\u00f6rde geni\u015f bir kullan\u0131m alan\u0131 yaratm\u0131\u015ft\u0131r. Ekonomik, g\u00fcvenli ve geri d\u00f6n\u00fc\u015ft\u00fcr\u00fclebilir olmas\u0131, bu \u00fcr\u00fcne olan ilgiyi her ge\u00e7en g\u00fcn art\u0131rmaktad\u0131r.<\/p>\n<\/div><\/div><\/div>\n<\/div><\/div>\n\n\n\n<div class=\"wp-block-cover alignfull has-parallax\"><div class=\"wp-block-cover__image-background wp-image-1713 size-large has-parallax\" style=\"background-position:50% 50%;background-image:url(http:\/\/www.retinagrafik.com.tr\/ravagoeps\/wp-content\/uploads\/2025\/12\/carroussel-item2-mountain-climber-2427191_1920_lowQ-1024x576.jpg)\"><\/div><span aria-hidden=\"true\" class=\"wp-block-cover__background has-background-dim-40 has-background-dim\" style=\"background-color:#000000\"><\/span><div class=\"wp-block-cover__inner-container is-layout-flow wp-block-cover-is-layout-flow\">\n<h1 class=\"wp-block-heading alignwide has-white-color has-text-color\" style=\"font-size:0px;line-height:1.2\"><\/h1>\n\n\n\n<div class=\"wp-block-columns alignwide is-layout-flex wp-container-core-columns-is-layout-28f84493 wp-block-columns-is-layout-flex\">\n<div class=\"wp-block-column is-layout-flow wp-block-column-is-layout-flow\">\n<div class=\"wp-block-stackable-subtitle stk-block-subtitle stk-block stk-a87b17e\" data-block-id=\"a87b17e\"><style>.stk-a87b17e .stk-block-subtitle__text{font-size:var(--stk--preset--font-size--large, 30px) !important;color:var(--theme-palette-color-8, #ffffff) !important;}@media screen and (max-width:999px){.stk-a87b17e .stk-block-subtitle__text{font-size:var(--stk--preset--font-size--large, 30px) !important;}}<\/style><p class=\"stk-block-subtitle__text stk-subtitle has-text-color has-text-align-center\">Hem i\u00e7 pazarda hem de ihracatta g\u00fc\u00e7l\u00fc bir konuma sahip olan\u00a0<br><strong>Ravago EPS Kimya<\/strong>, Ravago\u2019nun d\u00fcnya genelindeki <br>EPS i\u015f grubuna uluslararas\u0131 hizmet sa\u011flamaktad\u0131r.<\/p><\/div>\n<\/div>\n<\/div>\n<\/div><\/div>\n","protected":false},"excerpt":{"rendered":"<p>HAKKIMIZDA Avrupa pazar\u0131nda \u00f6nde gelen EPS \u00fcreticilerinden biri 2012 y\u0131l\u0131nda Ravago\u2019nun ger\u00e7ekle\u015ftirdi\u011fi global sat\u0131n alma sonucunda gruba kat\u0131lan biz\/Eastchem, EPS \u00fcretiminde d\u00fcnya \u00e7ap\u0131nda tan\u0131nan ve olduk\u00e7a hassas bir kimyasal s\u00fcre\u00e7 olan s\u00fcspansiyon polimerizasyon teknolojisini, d\u00fcnya standartlar\u0131nda kaliteyle \u0130zmir Alia\u011fa\u2019daki tesislerinde uygulamaktad\u0131r. Alia\u011fa tesisine ek olarak, Ravago\u2019nun Yunanistan\u2019da Monotez ve Almanya\u2019da RP Compounds olmak \u00fczere iki [&hellip;]<\/p>\n","protected":false},"author":1,"featured_media":0,"parent":0,"menu_order":0,"comment_status":"closed","ping_status":"closed","template":"","meta":{"footnotes":""},"class_list":["post-2116","page","type-page","status-publish","hentry"],"blocksy_meta":[],"brizy_media":[],"_links":{"self":[{"href":"https:\/\/www.retinagrafik.com.tr\/ravagoeps\/wp-json\/wp\/v2\/pages\/2116","targetHints":{"allow":["GET"]}}],"collection":[{"href":"https:\/\/www.retinagrafik.com.tr\/ravagoeps\/wp-json\/wp\/v2\/pages"}],"about":[{"href":"https:\/\/www.retinagrafik.com.tr\/ravagoeps\/wp-json\/wp\/v2\/types\/page"}],"author":[{"embeddable":true,"href":"https:\/\/www.retinagrafik.com.tr\/ravagoeps\/wp-json\/wp\/v2\/users\/1"}],"replies":[{"embeddable":true,"href":"https:\/\/www.retinagrafik.com.tr\/ravagoeps\/wp-json\/wp\/v2\/comments?post=2116"}],"version-history":[{"count":11,"href":"https:\/\/www.retinagrafik.com.tr\/ravagoeps\/wp-json\/wp\/v2\/pages\/2116\/revisions"}],"predecessor-version":[{"id":2564,"href":"https:\/\/www.retinagrafik.com.tr\/ravagoeps\/wp-json\/wp\/v2\/pages\/2116\/revisions\/2564"}],"wp:attachment":[{"href":"https:\/\/www.retinagrafik.com.tr\/ravagoeps\/wp-json\/wp\/v2\/media?parent=2116"}],"curies":[{"name":"wp","href":"https:\/\/api.w.org\/{rel}","templated":true}]}}